{"id":16,"date":"2023-01-16T20:29:22","date_gmt":"2023-01-16T20:29:22","guid":{"rendered":"https:\/\/lafontdesfraux.fr\/?page_id=16"},"modified":"2023-11-11T18:09:54","modified_gmt":"2023-11-11T18:09:54","slug":"page-de-garde","status":"publish","type":"page","link":"https:\/\/lafontdesfraux.fr\/","title":{"rendered":"1-Page de garde"},"content":{"rendered":"\n<h2 class=\"wp-block-heading\"><font _mstmutation=\"1\" _msthash=\"1012960\"><\/font><\/h2>\n\n\n\n<div class=\"wp-block-cover alignwide\"><span aria-hidden=\"true\" class=\"wp-block-cover__background has-background-dim\"><\/span><img loading=\"lazy\" decoding=\"async\" width=\"791\" height=\"440\" class=\"wp-block-cover__image-background wp-image-216\" alt=\"\" src=\"http:\/\/lafontdesfraux.fr\/wp-content\/uploads\/2023\/01\/156_440_791.jpg\" data-object-fit=\"cover\" srcset=\"https:\/\/lafontdesfraux.fr\/wp-content\/uploads\/2023\/01\/156_440_791.jpg 791w, https:\/\/lafontdesfraux.fr\/wp-content\/uploads\/2023\/01\/156_440_791-300x167.jpg 300w, https:\/\/lafontdesfraux.fr\/wp-content\/uploads\/2023\/01\/156_440_791-768x427.jpg 768w\" sizes=\"auto, (max-width: 791px) 100vw, 791px\" \/><div class=\"wp-block-cover__inner-container is-layout-flow wp-block-cover-is-layout-flow\">\n<figure class=\"wp-block-pullquote alignwide has-text-align-center has-nv-text-dark-bg-color has-text-color has-large-font-size\" style=\"border-style:none;border-width:0px;border-radius:0px;letter-spacing:px\"><blockquote><p><font _mstmutation=\"1\" _msthash=\"20508\" _msttexthash=\"337649\"><font _mstmutation=\"1\" _msthash=\"19099\" _msttexthash=\"17004\"> L<\/font><font _mstmutation=\"1\" _msthash=\"19099\" _msttexthash=\"19084\">a<\/font><font _mstmutation=\"1\" _msthash=\"1891422\" _msttexthash=\"337649\" _istranslated=\"1\"> <font _mstmutation=\"1\" _msthash=\"2015247\" _msttexthash=\"143351\" _istranslated=\"1\"><font _mstmutation=\"1\" _msthash=\"6193\" _msttexthash=\"22087\" _istranslated=\"1\"><font _mstmutation=\"1\" _msthash=\"6193\" _msttexthash=\"19175\" _istranslated=\"1\"><font _mstmutation=\"1\" _msthash=\"10010\" _msttexthash=\"10010\" _istranslated=\"1\">F<\/font><\/font><\/font><font _mstmutation=\"1\" _msthash=\"20489\" _msttexthash=\"171626\" _istranslated=\"1\"><font _mstmutation=\"1\" _msthash=\"2015247\" _msttexthash=\"143351\" _istranslated=\"1\"><font _mstmutation=\"1\" _msthash=\"6193\" _msttexthash=\"19721\" _istranslated=\"1\">o<\/font><font _mstmutation=\"1\" _msthash=\"6193\" _msttexthash=\"22269\" _istranslated=\"1\">n<\/font><font _mstmutation=\"1\" _msthash=\"6193\" _msttexthash=\"18902\" _istranslated=\"1\"><font _mstmutation=\"1\" _msthash=\"10556\" _msttexthash=\"10556\" _istranslated=\"1\">t d<\/font><\/font><font _mstmutation=\"1\" _msthash=\"6916\" _msttexthash=\"6916\" _istranslated=\"1\"><font _mstmutation=\"1\" _msthash=\"381836\" _msttexthash=\"16770\" _istranslated=\"1\"><font _mstmutation=\"1\" _msthash=\"58037\" _msttexthash=\"58032\" _istranslated=\"1\">es Fra<\/font><\/font><font _mstmutation=\"1\" _msthash=\"2015247\" _msttexthash=\"143351\" _istranslated=\"1\">u<\/font><font _mstmutation=\"1\" _msthash=\"2015247\" _msttexthash=\"45006\" _istranslated=\"1\">x <\/font><\/font><\/font><\/font><\/font><\/font><\/font><\/p><cite><font _mstmutation=\"1\" _msthash=\"2172963\" _msttexthash=\"201708\"><font _mstmutation=\"1\" _msthash=\"60561\" _msttexthash=\"14677\" _istranslated=\"1\"><font _mstmutation=\"1\" _msthash=\"2378805\"><\/font><\/font><\/font><\/cite><\/blockquote><\/figure>\n<\/div><\/div>\n\n\n\n<div class=\"wp-block-buttons is-content-justification-space-between is-layout-flex wp-container-core-buttons-is-layout-3d213aab wp-block-buttons-is-layout-flex\"><\/div>\n\n\n\n<p><\/p>\n\n\n\n<p><\/p>\n\n\n\n<div class=\"wp-block-columns alignwide is-layout-flex wp-container-core-columns-is-layout-9d6595d7 wp-block-columns-is-layout-flex\">\n<div class=\"wp-block-column is-layout-flow wp-block-column-is-layout-flow\" style=\"flex-basis:66.66%\">\n<p><\/p>\n\n\n\n<p><\/p>\n\n\n\n<h6 class=\"wp-block-heading\">Bienvenue sur le site de notre gite \u00ab&nbsp;La Font des Fraux&nbsp;\u00bb<\/h6>\n\n\n\n<p class=\"has-text-align-left\">Apr\u00e8s deux ann\u00e9es de travaux, nous avons pu ouvrir cet h\u00e9bergement en avril 2022. Situ\u00e9e dans le hameau des Fraux, \u00e0 2 kilom\u00e8tres de Neuv\u00e9glise sur Truy\u00e8re, cette maison de caract\u00e8re totalement r\u00e9nov\u00e9e, d\u2019une capacit\u00e9 de 6 personnes&nbsp;vous propose un s\u00e9jour calme et ressour\u00e7ant avec son spa ext\u00e9rieur privatif.<\/p>\n\n\n\n<p>Ouvert toute l\u2019ann\u00e9e, vous pouvez profiter des diff\u00e9rentes activit\u00e9s propos\u00e9es sur place ou dans les alentours. Un chauffage central \u00e0 granul\u00e9s de bois (plancher chauffant au rez-de-chauss\u00e9e et radiateurs \u00e0 l&#8217;\u00e9tage) assure un confort optimal en toute saison.<\/p>\n\n\n\n<p>Pr\u00e9sents sur place pour l\u2019accueil et pour les d\u00e9parts (notre r\u00e9sidence secondaire est mitoyenne), nous sommes \u00e0 votre \u00e9coute pour que vous passiez un agr\u00e9able s\u00e9jour.<\/p>\n\n\n\n<h6 class=\"wp-block-heading has-text-align-right\">Marie Elisabeth et Raymond<\/h6>\n<\/div>\n\n\n\n<div class=\"wp-block-column is-vertically-aligned-center is-layout-flow wp-block-column-is-layout-flow\" style=\"flex-basis:33.33%\">\n<blockquote class=\"wp-block-quote is-layout-flow wp-block-quote-is-layout-flow\">\n<p class=\"has-text-align-left\">Capacit\u00e9 :<strong>&nbsp;6&nbsp;personnes<\/strong><\/p>\n\n\n\n<p class=\"has-text-align-left\">Nombre de chambres :&nbsp;<strong>3<\/strong><strong><\/strong><\/p>\n\n\n\n<p class=\"has-text-align-left\"><font _mstmutation=\"1\" _msthash=\"995228\" _msttexthash=\"286494\">Superficie : <strong _mstmutation=\"1\" _istranslated=\"1\">125 m\u00b2<\/strong><\/font><\/p>\n\n\n\n<p class=\"has-text-align-left\">Altitude&nbsp;<strong>900 m<\/strong><strong><\/strong><\/p>\n\n\n\n<p class=\"has-text-align-left\">Animaux :&nbsp;<strong>Non autoris\u00e9s<\/strong><strong><\/strong><\/p>\n\n\n\n<p class=\"has-text-align-left\">Internet :&nbsp;<strong>Oui<\/strong><\/p>\n<\/blockquote>\n<\/div>\n<\/div>\n\n\n\n<p><\/p>\n","protected":false},"excerpt":{"rendered":"<p>Bienvenue sur le site de notre gite \u00ab&nbsp;La Font des Fraux&nbsp;\u00bb Apr\u00e8s deux ann\u00e9es de travaux, nous avons pu ouvrir cet h\u00e9bergement en avril 2022. Situ\u00e9e dans le hameau des Fraux, \u00e0 2 kilom\u00e8tres de Neuv\u00e9glise sur Truy\u00e8re, cette maison de caract\u00e8re totalement r\u00e9nov\u00e9e, d\u2019une capacit\u00e9 de 6 personnes&nbsp;vous propose un s\u00e9jour calme et ressour\u00e7ant&hellip;&nbsp;<a href=\"https:\/\/lafontdesfraux.fr\/\" rel=\"bookmark\">Read More &raquo;<span class=\"screen-reader-text\">1-Page de garde<\/span><\/a><\/p>\n","protected":false},"author":1,"featured_media":0,"parent":0,"menu_order":0,"comment_status":"closed","ping_status":"closed","template":"page-templates\/template-pagebuilder-full-width.php","meta":{"neve_meta_sidebar":"","neve_meta_container":"default","neve_meta_enable_content_width":"","neve_meta_content_width":0,"neve_meta_title_alignment":"","neve_meta_author_avatar":"","neve_post_elements_order":"","neve_meta_disable_header":"","neve_meta_disable_footer":"","neve_meta_disable_title":"on","footnotes":""},"class_list":["post-16","page","type-page","status-publish","hentry"],"_links":{"self":[{"href":"https:\/\/lafontdesfraux.fr\/index.php\/wp-json\/wp\/v2\/pages\/16","targetHints":{"allow":["GET"]}}],"collection":[{"href":"https:\/\/lafontdesfraux.fr\/index.php\/wp-json\/wp\/v2\/pages"}],"about":[{"href":"https:\/\/lafontdesfraux.fr\/index.php\/wp-json\/wp\/v2\/types\/page"}],"author":[{"embeddable":true,"href":"https:\/\/lafontdesfraux.fr\/index.php\/wp-json\/wp\/v2\/users\/1"}],"replies":[{"embeddable":true,"href":"https:\/\/lafontdesfraux.fr\/index.php\/wp-json\/wp\/v2\/comments?post=16"}],"version-history":[{"count":49,"href":"https:\/\/lafontdesfraux.fr\/index.php\/wp-json\/wp\/v2\/pages\/16\/revisions"}],"predecessor-version":[{"id":388,"href":"https:\/\/lafontdesfraux.fr\/index.php\/wp-json\/wp\/v2\/pages\/16\/revisions\/388"}],"wp:attachment":[{"href":"https:\/\/lafontdesfraux.fr\/index.php\/wp-json\/wp\/v2\/media?parent=16"}],"curies":[{"name":"wp","href":"https:\/\/api.w.org\/{rel}","templated":true}]}}